lse
Is 35 a factor of 4617691?
False
Does 55 divide 53951?
False
Is 163 a factor of 11366077?
False
Does 245 divide 1216180?
True
Is 13 a factor of 1203405?
False
Is 488 a factor of 270001?
False
Is 349 a factor of 61421?
False
Does 65 divide 500305?
True
Is 8 a factor of 1456258?
False
Does 276 divide 259021?
False
Is 70 a factor of 8784510?
True
Is 190 a factor of 124849?
False
Is 12 a factor of 806459?
False
Is 136090 a multiple of 15?
False
Does 302 divide 1329102?
True
Is 92 a factor of 178307?
False
Is 1596663 a multiple of 135?
False
Is 65 a factor of 363879?
False
Is 120098 a multiple of 22?
True
Does 28 divide 6064580?
False
Does 6 divide 509638?
False
Does 34 divide 57054?
False
Does 405 divide 15390?
True
Does 11 divide 2810591?
False
Does 5 divide 376349?
False
Is 19 a factor of 4479529?
False
Does 34 divide 16354?
True
Does 3 divide 160017?
True
Is 665 a factor of 315210?
True
Is 27 a factor of 32410?
False
Is 12 a factor of 518796?
True
Is 41 a factor of 1337431?
False
Is 5408172 a multiple of 154?
True
Is 31 a factor of 3565186?
True
Is 3 a factor of 375819?
True
Does 93 divide 4487882?
False
Is 67 a factor of 74114?
False
Does 13 divide 6593021?
False
Is 146718 a multiple of 13?
True
Is 29580 a multiple of 34?
True
Is 487536 a multiple of 24?
True
Does 15 divide 405390?
True
Is 14 a factor of 11388228?
False
Is 36 a factor of 156420?
True
Does 1150 divide 7579650?
True
Is 34 a factor of 14278551?
False
Is 856871 a multiple of 189?
False
Is 6 a factor of 1681308?
True
Is 22774 a multiple of 59?
True
Is 1259333 a multiple of 14?
False
Does 9 divide 135054?
True
Does 17 divide 40681?
True
Does 226 divide 1198930?
True
Does 46 divide 58816?
False
Is 159864 a multiple of 12?
True
Is 286 a factor of 5467217?
False
Is 849985 a multiple of 23?
False
Does 2 divide 8097?
False
Is 640897 a multiple of 97?
False
Does 64 divide 545216?
True
Is 31 a factor of 136617?
True
Does 11 divide 259446?
True
Does 47 divide 64750?
False
Is 126642 a multiple of 37?
False
Is 189392 a multiple of 89?
True
Does 56 divide 224838?
False
Is 870540 a multiple of 220?
True
Is 987 a factor of 844623?
False
Is 138 a factor of 405582?
True
Is 7 a factor of 3990?
True
Is 86678 even?
True
Is 64210 a multiple of 19?
False
Is 505 a factor of 1948500?
False
Is 376350 a multiple of 3?
True
Does 38 divide 13888?
False
Does 224 divide 39588403?
False
Is 224 a factor of 642208?
True
Does 274 divide 4641511?
False
Is 10256064 a multiple of 52?
True
Does 161 divide 7594502?
False
Is 78532 a multiple of 11?
False
Is 2849 a multiple of 2?
False
Is 224955 a multiple of 4?
False
Is 137 a factor of 3498021?
True
Is 382067 a multiple of 58?
False
Is 1759243 a multiple of 13?
False
Does 148 divide 16938709?
False
Does 24 divide 29376?
True
Is 18 a factor of 339642?
True
Is 31 a factor of 2064279?
False
Is 2487908 a multiple of 914?
True
Is 4604827 a multiple of 43?
True
Is 85 a factor of 307287?
False
Is 6 a factor of 23034?
True
Does 499 divide 5044592?
False
Is 111 a factor of 43068?
True
Does 93 divide 2869140?
False
Is 53 a factor of 959812?
False
Does 1283 divide 199453?
False
Is 227250 a multiple of 250?
True
Is 97660 a multiple of 20?
True
Is 202830 a multiple of 4?
False
Is 57908 a multiple of 5?
False
Is 95 a factor of 373625?
False
Is 21 a factor of 5145?
True
Is 2882040 a multiple of 4?
True
Does 7 divide 44183?
False
Is 36649 a multiple of 11?
False
Is 145 a factor of 192676?
False
Is 62217 a multiple of 3?
True
Does 467 divide 323951?
False
Is 516 a factor of 394740?
True
Is 60 a factor of 8545265?
False
Does 21 divide 5849886?
True
Does 81 divide 44469?
True
Is 2 a factor of 6891?
False
Is 69 a factor of 4154835?
True
Does 121 divide 718982?
True
Is 353 a factor of 1138700?
False
Is 47554 a multiple of 7?
False
Is 2787041 a multiple of 13?
False
Is 62 a factor of 1315600?
False
Does 879 divide 2005444?
False
Is 15 a factor of 228075?
True
Is 259910 a multiple of 35?
True
Is 25603 a multiple of 30?
False
Does 17 divide 318807?
False
Does 37 divide 27305992?
False
Is 205002 a multiple of 42?
True
Does 73 divide 53363?
True
Is 84852 a multiple of 6?
True
Is 78151 a multiple of 78?
False
Is 4733375 a multiple of 7?
False
Is 11 a factor of 1393514?
False
Is 2323180 a multiple of 10?
True
Does 11 divide 5064649?
False
Is 48 a factor of 43044?
False
Is 26 a factor of 1093404?
True
Does 61 divide 27844?
False
Is 115170 a multiple of 9?
False
Is 3479868 a multiple of 189?
True
Is 14564 a multiple of 2?
True
Is 5 a factor of 814191?
False
Does 2 divide 94595?
False
Does 19 divide 1281550?
True
Is 17 a factor of 1185786?
False
Is 59 a factor of 2296761?
False
Is 81494 a multiple of 190?
False
Is 196434 a multiple of 14?
True
Is 2192696 a multiple of 146?
False
Does 26 divide 131794?
True
Does 90 divide 212843?
False
Does 10 divide 15295320?
True
Is 35280 a multiple of 40?
True
Is 58 a factor of 248240?
True
Does 3 divide 13368?
True
Does 211 divide 489864?
False
Does 277 divide 180327?
True
Is 722 a factor of 4900059?
False
Is 34 a factor of 1242938?
True
Is 302022 a multiple of 714?
True
Is 123 a factor of 394953?
True
Is 1700392 a multiple of 236?
False
Does 66 divide 62436?
True
Does 34 divide 17634?
False
Is 79 a factor of 666241?
False
Is 194 a factor of 82166?
False
Is 208025 a multiple of 157?
True
Is 490844 a multiple of 4?
True
Does 11 divide 193776?
True
Does 22 divide 421762?
True
Is 13 a factor of 300469?
True
Is 156 a factor of 56144?
False
Does 72 divide 258696?
True
Is 574541 a multiple of 5?
False
Does 163 divide 139241?
False
Does 16 divide 54064?
True
Is 104 a factor of 42330?
False
Does 11 divide 763509?
False
Does 200 divide 18922600?
True
Is 24723160 a multiple of 805?
True
Does 20 divide 2101519?
False
Is 986050 a multiple of 41?
True
Is 19265339 a multiple of 26?
False
Does 464 divide 10710976?
True
Is 390001 a multiple of 29?
False
Is 18178639 a multiple of 433?
True
Is 123900 a multiple of 420?
True
Is 288880 a multiple of 20?
True
Is 2638208 a multiple of 64?
True
Does 31 divide 132711?
True
Is 384881 a multiple of 136?
False
Is 12220094 a multiple of 71?
True
Is 114 a factor of 3284418?
False
Does 5 divide 562947?
False
Does 46 divide 150282?
True
Is 49 a factor of 411208?
True
Is 26 a factor of 22776?
True
Does 104 divide 5720?
True
Is 3853920 a multiple of 518?
True
Is 2134402 a multiple of 142?
True
Does 7 divide 306313?
True
Is 17 a factor of 84732?
False
Is 456153 a multiple of 7?
False
Is 116619 a multiple of 65?
False
Is 1147487 a multiple of 6?
False
Is 5545352 a multiple of 14?
False
Does 11 divide 1328304?
False
Does 691 divide 468374?
False
Is 40766 a multiple of 8?
False
Is 26 a factor of 9516624?
True
Is 3907 a multiple of 5?
False
Is 9326514 a multiple of 28?
False
Is 314 a factor of 256538?
True
Does 98 divide 3461823?
False
Does 119 divide 1134522?
False
Is 26 a factor of 14248?
True
Is 130982 a multiple of 21?
False
Does 405 divide 1578606?
False
Does 6 divide 851154?
True
Is 5 a factor of 1505292?
False
Is 1123728 a multiple of 164?
True
Does 13 divide 684398?
True
Is 12 a factor of 3613553?
False
Is 7 a factor of 770107?
False
Does 54 divide 114966?
True
Does 5 divide 48120?
True
Is 42089 a multiple of 302?
False
Does 7 divide 44876?
False
Does 21 divide 58464?
True
Is 93405 a multiple of 39?
True
Does 39 divide 1061931?
True
Is 82 a factor of 122426?
True
Does 1228 divide 3908724?
True
Does 312 divide 2724916?
False
Is 20868 a multiple of 24?
False
Is 28 a factor of 684000?
False
Does 46 divide 684223?
False
Does 6 divide 3461604?
True
Is 105 a factor of 99120?
True
Does 27 divide 125215?
False
Is 61 a factor of 1003450?
True
Does 36 divide 2288159?
False
Does 3 divide 593306?
False
Is 6 a factor of 199549?
False
Is 14402469 a multiple of 279?
False
Is 1445766 a multiple of 406?
True
Is 13452 a multiple of 118?
True
Is 264 a multiple of 24?
True
Is 45 a factor of 24210?
True
Is 53037 a multiple of 76?
False
Is 1244230 a multiple of 833?
False
Does 213 divide 5325?
True
Is 16 a factor of 84928?
True
Is 690 a factor of 1024269?
False
Is 262962 a multiple of 21?
True
Is 386724 a multiple of 28?
False
Is 816 a factor of 13221997?
False
Is 50 a factor of 68600?
True
Is 262 a factor of 2839818?
True
Is 87 a factor of 3252193?
False
